hat is -10222010021221 + 101?
-10222010021120
In base 16, what is 1e56 + -3a5?
1ab1
In base 14, what is 223 - 8289?
-8066
In base 12, what is -3754110 - 0?
-3754110
In base 12, what is 25495 - -313?
257a8
In base 13, what is -3 + -3a247c9?
-3a247cc
In base 9, what is 4825 + 67138?
73064
In base 5, what is -102103012 + -1210?
-102104222
In base 13, what is 3c + -17b090?
-17b051
In base 4, what is -10311110 + -22132?
-10333302
In base 8, what is -17 - -4640700?
4640661
In base 13, what is -3a53 - -47?
-3a09
In base 7, what is -504221 - 144?
-504365
In base 6, what is 100024031 - 25?
100024002
In base 5, what is 1442103121140 - 1?
1442103121134
In base 6, what is 11 + -414530341?
-414530330
In base 12, what is a0b47 + -119?
a0a2a
In base 8, what is -2721266 - 13?
-2721301
In base 8, what is 2074 + -1720?
154
In base 16, what is 9fe - -4895?
5293
In base 16, what is -67fa + -8f?
-6889
In base 3, what is 10112122 - 1021111100?
-1010221201
In base 16, what is -11 - 2658b7?
-2658c8
In base 7, what is 312440201 + 34?
312440235
In base 14, what is -79d5d - 70?
-79dcd
In base 7, what is 12455536353 - 2?
12455536351
In base 12, what is 540518 + 14?
540530
In base 10, what is -11358088 - 4?
-11358092
In base 5, what is 232 + 11103103?
11103340
In base 6, what is -404055351 + 0?
-404055351
In base 13, what is -33 - 3a9829?
-3a985c
In base 10, what is 64745 + -18?
64727
In base 2, what is -101111010 - 1011100111110000111?
-1011101000100000001
In base 13, what is -2 - -b02608?
b02606
In base 14, what is 998 - 39a78?
-390c0
In base 3, what is -21122001110101 + -10220?
-21122001121021
In base 9, what is -4 + 214530423?
214530418
In base 6, what is 25223111 - -4220?
25231331
In base 16, what is 2af4 - 5dd?
2517
In base 16, what is 51 - -e85c21?
e85c72
In base 3, what is -2112212 + -1022012?
-10212001
In base 9, what is -4 - -1025?
1021
In base 13, what is 0 + 225a0b?
225a0b
In base 14, what is 150d + -dbc?
531
In base 15, what is -2 - 45c5aa?
-45c5ac
In base 15, what is 236 + e832?
ea68
In base 15, what is 3 - 71dae?
-71dab
In base 14, what is -1d + 44c1b9?
44c19a
In base 16, what is -c1e9 - 14e5?
-d6ce
In base 14, what is 7a92b + -40?
7a8cb
In base 2, what is 100010111111110 - -110110110?
100011110110100
In base 3, what is 11 + -12002211210001?
-12002211202220
In base 6, what is 1214221451 + 1?
1214221452
In base 9, what is -3885762 - 558?
-3886431
In base 2, what is -1100001001 - 10100010110011010?
-10100100010100011
In base 6, what is 51351033 + -11?
51351022
In base 7, what is -6526060 - 652?
-6530042
In base 14, what is -b8a40b + 0?
-b8a40b
In base 12, what is -17a4 + 1734?
-70
In base 8, what is -3 - 4215640?
-4215643
In base 6, what is 1034520450 + 4?
1034520454
In base 11, what is -3 - -5095087?
5095084
In base 2, what is 1000000111 + 100001000111001000?
100001001111001111
In base 14, what is -5 - -50116c?
501167
In base 11, what is -7 + 341737?
341730
In base 15, what is -16a - 92ccb?
-92e46
In base 6, what is 3350511450 + -2?
3350511444
In base 4, what is -100233313 + 303?
-100233010
In base 10, what is -6 + 5891082?
5891076
In base 10, what is 32 + 1633579?
1633611
In base 9, what is -146 - -8645?
8488
In base 12, what is -2a7 - -422974?
422689
In base 5, what is -22230 + -242203?
-314433
In base 5, what is 134320204 - 22?
134320132
In base 9, what is 24383 + -150474?
-125081
In base 12, what is -8405876 - 0?
-8405876
In base 10, what is -19347 + -490?
-19837
In base 2, what is -10011110010 - -100000111001010?
11110011011000
In base 3, what is 1212220211222210 + 10?
1212220211222220
In base 4, what is -302 - 1113212102?
-1113213010
In base 10, what is -33953 + -410?
-34363
In base 6, what is -3 - 1120411201?
-1120411204
In base 4, what is 103200230300 + -30?
103200230210
In base 16, what is -2c + f3782?
f3756
In base 2, what is 11001 + -1000111011100010?
-1000111011001001
In base 12, what is 5 - -72a4b2?
72a4b7
In base 11, what is -2743 - -238a4?
21161
In base 3, what is -1012212011211001 + 10?
-1012212011210221
In base 13, what is -137bb2 + -6c0?
-1385a2
In base 10, what is -1584274 - -14?
-1584260
In base 12, what is -2a1422b - -1?
-2a1422a
In base 12, what is 2 - -440415?
440417
In base 12, what is -62 + -82b55?
-82bb7
In base 10, what is 5 - 92944130?
-92944125
In base 11, what is -2 - 1088686?
-1088688
In base 12, what is aa84 + 3380?
12244
In base 2, what is -10001101001110011001111 + -10?
-10001101001110011010001
In base 7, what is 3 - -1651040156?
1651040162
In base 3, what is -2200221102201010100 + -10?
-2200221102201010110
In base 8, what is -3052421260 + -4?
-3052421264
In base 15, what is -25a + bda1?
bb46
In base 12, what is -61809 - -263?
-61566
In base 14, what is -841b1 - 4?
-841b5
In base 6, what is -30053533 + 11?
-30053522
In base 9, what is -3604338 + -17?
-3604356
In base 16, what is -17 - 6c7e8?
-6c7ff
In base 14, what is c81646 + -3?
c81643
In base 8, what is -112366 + 574?
-111572
In base 8, what is 745325 - 713?
744412
In base 6, what is 4545 + -1242?
3303
In base 6, what is 23 + -24325220?
-24325153
In base 10, what is -11397440 - 3?
-11397443
In base 16, what is -4ab + 13759?
132ae
In base 3, what is 11202001222 + 2020020?
11211022012
In base 15, what is -786ab + -1ea?
-788a6
In base 10, what is -805 - -97549?
96744
In base 14, what is 247d93 - -1c?
247db1
In base 13, what is -1853 - 3521c?
-36a72
In base 5, what is 12 - -10300234?
10300301
In base 12, what is 5 - -1798b03?
1798b08
In base 11, what is 9947270 + -4?
9947267
In base 10, what is 6 + -1958567?
-1958561
In base 8, what is 5 - -1645765?
1645772
In base 6, what is -10525232404 + 0?
-10525232404
In base 5, what is 13300 + 102222?
121022
In base 5, what is -1134 - 23410241?
-23411430
In base 4, what is 0 - 2133130313323?
-2133130313323
In base 5, what is -1231432 + -101040?
-1333022
In base 11, what is -312199 - 63?
-312251
In base 6, what is 15324053 + 54?
15324151
In base 5, what is 1144314 + 32431?
1232300
In base 9, what is 2 - -3470300?
3470302
In base 3, what is -20212 - -2202121201101?
2202121110112
In base 8, what is -5274217 + 670?
-5273327
In base 9, what is -140 + 1546426?
1546276
In base 8, what is 1675074 - 0?
1675074
In base 13, what is 2b - 32a2cb9?
-32a2c8b
In base 8, what is -1266 - -433602?
432314
In base 8, what is 4224004 + -2?
4224002
In base 10, what is -35 + -29922133?
-29922168
In base 6, what is 10 - -3533010211?
3533010221
In base 14, what is 5401 + 165c6?
1b9c7
In base 14, what is 16d3 + -385?
134c
In base 7, what is 22503 + 152656?
205462
In base 5, what is -1002 - 134043?
-140100
In base 7, what is 316 + -12240?
-11621
In base 12, what is -12a5325 + -1?
-12a5326
In base 11, what is -2250 + -38?
-2288
In base 14, what is -12dc25 - -118?
-12db0b
In base 9, what is -15 + 137757628?
137757613
In base 7, what is -20211 + 4143?
-13035
In base 3, what is -12 + 1011110202212002?
1011110202211220
In base 8, what is 41723 - -2411?
44334
In base 16, what is dfe7 - -7?
dfee
In base 2, what is -10101000100011001100000 + -1101?
-10101000100011001101101
In base 16, what is a012b + 71b?
a0846
In base 12, what is -5 - -5454949?
5454944
In base 16, what is -3 - -eeefe?
eeefb
In base 16, what is 1038790 - -8?
1038798
In base 16, what is -3cab49c - 4?
-3cab4a0
In base 5, what is -203 + 10041111?
10040403
In base 11, what is 46a6110a - 5?
46a61105
In base 15, what is 224 + -1c752?
-1c52d
In base 4, what is -1102201 + -302302?
-2011103
In base 8, what is 47121 - -2031?
51152
In base 4, what is -10 - 1001202110132?
-1001202110202
In base 7, what is 1142 - -234646?
236121
In base 3, what is 2011200021201 - -202210?
2011201001111
In base 9, what is 710205 - -472?
710677
In base 7, what is -262330 + -122?
-262452
In base 16, what is 28c5701 - 0?
28c5701
In base 10, what is -937 + 1463?
526
In base 12, what is a166a42 + -1?
a166a41
In base 4, what is 1111131030000 + 120?
1111131030120
In base 6, what is -12432043531 - 5?
-12432043540
In base 7, what is -23631621 - -6?
-23631612
In base 5, what is 31 + -110424043?
-110424012
In base 11, what is 40 - 18144?
-18104
In base 4, what is -2120 + -13331133?
-13333313
In base 14, what is 1 + d1320b7?
d1320b8
In base 15, what is 49 - 4d93e?
-4d8e5
In base 8, what is 14151071254 - -2?
14151071256
In base 11, what is 473